he prime factors of 2960929.
29, 102101
List the prime factors of 9739391.
1153, 8447
List the prime factors of 149111.
149111
List the prime factors of 644732.
2, 11, 14653
List the prime factors of 3723188.
2, 7, 132971
List the prime factors of 1368681.
3, 31, 14717
What are the prime factors of 1123682?
2, 7, 80263
List the prime factors of 12179.
19, 641
List the prime factors of 283301.
29, 9769
What are the prime factors of 6616025?
5, 13, 20357
What are the prime factors of 545544?
2, 3, 7577
List the prime factors of 21242722.
2, 19, 691, 809
List the prime factors of 15576798.
2, 3, 2596133
List the prime factors of 412877.
127, 3251
List the prime factors of 6932303.
7, 990329
List the prime factors of 17034305.
5, 367, 9283
What are the prime factors of 2757813?
3, 29, 31699
What are the prime factors of 31120?
2, 5, 389
List the prime factors of 76557.
3, 13, 151
List the prime factors of 310414.
2, 13, 11939
What are the prime factors of 7927709?
23, 344683
List the prime factors of 12438499.
12438499
What are the prime factors of 11642879?
11642879
List the prime factors of 1895410.
2, 5, 11, 17231
What are the prime factors of 588621?
3, 11, 17837
List the prime factors of 211731.
3, 13, 61, 89
List the prime factors of 311190.
2, 3, 5, 11, 23, 41
What are the prime factors of 127950?
2, 3, 5, 853
List the prime factors of 21439449.
3, 157, 15173
List the prime factors of 692969.
692969
List the prime factors of 1730868.
2, 3, 97, 1487
What are the prime factors of 4011310?
2, 5, 367, 1093
List the prime factors of 2078.
2, 1039
List the prime factors of 538873.
31, 17383
List the prime factors of 18896998.
2, 103, 91733
What are the prime factors of 656059?
307, 2137
What are the prime factors of 9410738?
2, 19, 247651
List the prime factors of 2178034.
2, 1089017
What are the prime factors of 1944598?
2, 503, 1933
What are the prime factors of 3849797?
7, 31, 113, 157
What are the prime factors of 14235290?
2, 5, 17, 83737
What are the prime factors of 2397324?
2, 3, 199777
What are the prime factors of 4458483?
3, 19, 2897
List the prime factors of 844483.
844483
What are the prime factors of 138256?
2, 8641
List the prime factors of 1091385.
3, 5, 79, 307
List the prime factors of 144234.
2, 3, 2671
List the prime factors of 1097815.
5, 89, 2467
List the prime factors of 7367355.
3, 5, 18191
List the prime factors of 20178490.
2, 5, 17, 29, 4093
List the prime factors of 92086.
2, 41, 1123
List the prime factors of 336573.
3, 37397
List the prime factors of 88229.
83, 1063
List the prime factors of 1551570.
2, 3, 5, 51719
List the prime factors of 6497107.
19, 341953
List the prime factors of 1899952.
2, 118747
What are the prime factors of 17567056?
2, 13, 84457
List the prime factors of 6536231.
13, 502787
What are the prime factors of 6564665?
5, 293, 4481
What are the prime factors of 9882582?
2, 3, 1647097
What are the prime factors of 83600?
2, 5, 11, 19
List the prime factors of 1735667.
673, 2579
What are the prime factors of 245929?
83, 2963
List the prime factors of 162123.
3, 13, 4157
What are the prime factors of 3841791?
3, 1280597
List the prime factors of 741658.
2, 23, 701
List the prime factors of 7295353.
13, 561181
What are the prime factors of 870940?
2, 5, 7, 6221
What are the prime factors of 284381?
109, 2609
What are the prime factors of 12295754?
2, 23, 267299
List the prime factors of 429757.
367, 1171
List the prime factors of 1045253.
11, 167, 569
What are the prime factors of 19111287?
3, 13, 490033
List the prime factors of 4582753.
7, 654679
What are the prime factors of 33150220?
2, 5, 101, 16411
List the prime factors of 9760675.
5, 29, 13463
What are the prime factors of 8981627?
17, 101, 5231
List the prime factors of 291154.
2, 145577
What are the prime factors of 1844839?
1291, 1429
What are the prime factors of 1213858?
2, 97, 6257
What are the prime factors of 4825292?
2, 1206323
List the prime factors of 1572673.
491, 3203
What are the prime factors of 315151?
83, 3797
List the prime factors of 1822099.
29, 83, 757
List the prime factors of 1483612.
2, 13, 103, 277
What are the prime factors of 395117?
23, 41, 419
List the prime factors of 284490.
2, 3, 5, 29, 109
List the prime factors of 151935.
3, 5, 7, 1447
What are the prime factors of 4558517?
59, 77263
What are the prime factors of 14784588?
2, 3, 7, 13, 4513
What are the prime factors of 413865?
3, 5, 17, 541
List the prime factors of 527619.
3, 175873
What are the prime factors of 102713?
13, 7901
What are the prime factors of 16753789?
13, 17, 41, 43
List the prime factors of 992531.
53, 61, 307
List the prime factors of 1408147.
13, 19, 5701
What are the prime factors of 382934?
2, 191467
List the prime factors of 2327832.
2, 3, 13, 829
What are the prime factors of 195794?
2, 223, 439
List the prime factors of 1960660.
2, 5, 13, 7541
What are the prime factors of 11662499?
11662499
What are the prime factors of 10568833?
11, 960803
List the prime factors of 1856623.
19, 37, 139
What are the prime factors of 2841149?
241, 11789
What are the prime factors of 278568?
2, 3, 53, 73
What are the prime factors of 106598?
2, 53299
List the prime factors of 6484.
2, 1621
List the prime factors of 380309.
380309
List the prime factors of 3807183.
3, 1269061
What are the prime factors of 300234?
2, 3, 11, 4549
What are the prime factors of 9527814?
2, 3, 73, 2417
List the prime factors of 315410.
2, 5, 31541
List the prime factors of 4333648.
2, 11, 24623
What are the prime factors of 9743642?
2, 4871821
List the prime factors of 1444642.
2, 722321
List the prime factors of 44308.
2, 11, 19, 53
What are the prime factors of 2776686?
2, 3, 11, 42071
List the prime factors of 76928.
2, 601
What are the prime factors of 14252822?
2, 223, 31957
What are the prime factors of 293360?
2, 5, 19, 193
List the prime factors of 146736.
2, 3, 1019
What are the prime factors of 12975930?
2, 3, 5, 11, 17, 257
What are the prime factors of 504822?
2, 3, 84137
What are the prime factors of 7180874?
2, 3590437
List the prime factors of 1946811.
3, 648937
List the prime factors of 2594724.
2, 3, 11, 1787
List the prime factors of 26738516.
2, 7, 136421
List the prime factors of 714093.
3, 238031
List the prime factors of 1542318.
2, 3, 257053
What are the prime factors of 21673399?
11, 179119
List the prime factors of 332437.
7, 47491
List the prime factors of 297141.
3, 13, 19, 401
List the prime factors of 7171385.
5, 13, 31, 3559
List the prime factors of 258302.
2, 11, 59, 199
What are the prime factors of 8030?
2, 5, 11, 73
What are the prime factors of 784492?
2, 43, 4561
What are the prime factors of 982618?
2, 7, 13, 5399
What are the prime factors of 1053624?
2, 3, 11, 13, 307
What are the prime factors of 640673?
11, 58243
List the prime factors of 1018791.
3, 97, 389
List the prime factors of 9944181.
3, 13, 41, 691
List the prime factors of 7950151.
11, 19, 38039
What are the prime factors of 19419761?
19419761
What are the prime factors of 990418?
2, 11, 13, 3463
List the prime factors of 120954.
2, 3, 19, 1061
What are the prime factors of 445195?
5, 269, 331
What are the prime factors of 11458094?
2, 23, 249089
What are the prime factors of 900930?
2, 3, 5, 59, 509
What are the prime factors of 7749?
3, 7, 41
List the prime factors of 9598355.
5, 13, 37, 307
What are the prime factors of 163520?
2, 5, 7, 73
List the prime factors of 5721948.
2, 3, 52981
List the prime factors of 56087.
56087
What are the prime factors of 167433?
3, 7, 17, 67
List the prime factors of 267388.
2, 11, 59, 103
What are the prime factors of 68434?
2, 34217
What are the prime factors of 3913119?
3, 7, 179, 347
What are the prime factors of 227318?
2, 7, 13, 1249
List the prime factors of 22697.
22697
What are the prime factors of 1118242?
2, 193, 2897
List the prime factors of 254.
2, 127
List the prime factors of 2463266.
2, 13, 17, 5573
List the prime factors of 3441337.
19, 181123
What are the prime factors of 876429?
3, 97381
What are the prime factors of 1855939?
19, 23, 31, 137
List the prime factors of 231921.
3, 73, 353
What are the prime factors of 24917?
24917
List the prime factors of 4488791.
4488791
List the prime factors of 1616478.
2, 3, 2